{"id":9175,"date":"2021-03-16T01:33:32","date_gmt":"2021-03-16T01:33:32","guid":{"rendered":"http:\/\/uniformesglobo.clics.cl\/?post_type=product&#038;p=9175"},"modified":"2022-01-25T05:17:25","modified_gmt":"2022-01-25T05:17:25","slug":"bluson-pabellon-negro-con-rojo","status":"publish","type":"product","link":"https:\/\/uniformesglobo.cl\/index.php\/producto\/bluson-pabellon-negro-con-rojo\/","title":{"rendered":"Blus\u00f3n Pabell\u00f3n negro con rojo"},"content":{"rendered":"","protected":false},"excerpt":{"rendered":"<p>Blus\u00f3n Pabell\u00f3n negro con rojo de excelente calidad y disponibilidad de telas y colores<\/p>\n","protected":false},"featured_media":9170,"template":"","meta":{"_acf_changed":false},"product_cat":[209,45],"product_tag":[217,207],"acf":[],"_links":{"self":[{"href":"https:\/\/uniformesglobo.cl\/index.php\/wp-json\/wp\/v2\/product\/9175"}],"collection":[{"href":"https:\/\/uniformesglobo.cl\/index.php\/wp-json\/wp\/v2\/product"}],"about":[{"href":"https:\/\/uniformesglobo.cl\/index.php\/wp-json\/wp\/v2\/types\/product"}],"wp:featuredmedia":[{"embeddable":true,"href":"https:\/\/uniformesglobo.cl\/index.php\/wp-json\/wp\/v2\/media\/9170"}],"wp:attachment":[{"href":"https:\/\/uniformesglobo.cl\/index.php\/wp-json\/wp\/v2\/media?parent=9175"}],"wp:term":[{"taxonomy":"product_cat","embeddable":true,"href":"https:\/\/uniformesglobo.cl\/index.php\/wp-json\/wp\/v2\/product_cat?post=9175"},{"taxonomy":"product_tag","embeddable":true,"href":"https:\/\/uniformesglobo.cl\/index.php\/wp-json\/wp\/v2\/product_tag?post=9175"}],"curies":[{"name":"wp","href":"https:\/\/api.w.org\/{rel}","templated":true}]}}