{"id":8166,"date":"2021-02-04T13:58:55","date_gmt":"2021-02-04T13:58:55","guid":{"rendered":"http:\/\/uniformesglobo.clics.cl\/?post_type=product&#038;p=8166"},"modified":"2022-08-29T15:22:11","modified_gmt":"2022-08-29T15:22:11","slug":"pantalon-pabellon","status":"publish","type":"product","link":"https:\/\/uniformesglobo.cl\/index.php\/producto\/pantalon-pabellon\/","title":{"rendered":"Pantal\u00f3n Pabell\u00f3n Roberto Azul piedra"},"content":{"rendered":"","protected":false},"excerpt":{"rendered":"<p>Pantal\u00f3n var\u00f3n Pabell\u00f3n Roberto. Consulte diversos colores.<\/p>\n","protected":false},"featured_media":8167,"template":"","meta":{"_acf_changed":false},"product_cat":[45,210],"product_tag":[212,207],"acf":[],"_links":{"self":[{"href":"https:\/\/uniformesglobo.cl\/index.php\/wp-json\/wp\/v2\/product\/8166"}],"collection":[{"href":"https:\/\/uniformesglobo.cl\/index.php\/wp-json\/wp\/v2\/product"}],"about":[{"href":"https:\/\/uniformesglobo.cl\/index.php\/wp-json\/wp\/v2\/types\/product"}],"wp:featuredmedia":[{"embeddable":true,"href":"https:\/\/uniformesglobo.cl\/index.php\/wp-json\/wp\/v2\/media\/8167"}],"wp:attachment":[{"href":"https:\/\/uniformesglobo.cl\/index.php\/wp-json\/wp\/v2\/media?parent=8166"}],"wp:term":[{"taxonomy":"product_cat","embeddable":true,"href":"https:\/\/uniformesglobo.cl\/index.php\/wp-json\/wp\/v2\/product_cat?post=8166"},{"taxonomy":"product_tag","embeddable":true,"href":"https:\/\/uniformesglobo.cl\/index.php\/wp-json\/wp\/v2\/product_tag?post=8166"}],"curies":[{"name":"wp","href":"https:\/\/api.w.org\/{rel}","templated":true}]}}