{"id":8157,"date":"2021-02-04T13:50:25","date_gmt":"2021-02-04T13:50:25","guid":{"rendered":"http:\/\/uniformesglobo.clics.cl\/?post_type=product&#038;p=8157"},"modified":"2022-01-25T05:19:06","modified_gmt":"2022-01-25T05:19:06","slug":"conjunto-pabellon-pediatra","status":"publish","type":"product","link":"https:\/\/uniformesglobo.cl\/index.php\/producto\/conjunto-pabellon-pediatra\/","title":{"rendered":"Blus\u00f3n Pabell\u00f3n Pediatra estampado d\u00e1lmata"},"content":{"rendered":"","protected":false},"excerpt":{"rendered":"","protected":false},"featured_media":9180,"template":"","meta":{"_acf_changed":false},"product_cat":[209,45],"product_tag":[207],"acf":[],"_links":{"self":[{"href":"https:\/\/uniformesglobo.cl\/index.php\/wp-json\/wp\/v2\/product\/8157"}],"collection":[{"href":"https:\/\/uniformesglobo.cl\/index.php\/wp-json\/wp\/v2\/product"}],"about":[{"href":"https:\/\/uniformesglobo.cl\/index.php\/wp-json\/wp\/v2\/types\/product"}],"wp:featuredmedia":[{"embeddable":true,"href":"https:\/\/uniformesglobo.cl\/index.php\/wp-json\/wp\/v2\/media\/9180"}],"wp:attachment":[{"href":"https:\/\/uniformesglobo.cl\/index.php\/wp-json\/wp\/v2\/media?parent=8157"}],"wp:term":[{"taxonomy":"product_cat","embeddable":true,"href":"https:\/\/uniformesglobo.cl\/index.php\/wp-json\/wp\/v2\/product_cat?post=8157"},{"taxonomy":"product_tag","embeddable":true,"href":"https:\/\/uniformesglobo.cl\/index.php\/wp-json\/wp\/v2\/product_tag?post=8157"}],"curies":[{"name":"wp","href":"https:\/\/api.w.org\/{rel}","templated":true}]}}

Blusón Pabellón Pediatra estampado dálmata
