{"id":13142,"date":"2023-09-27T22:26:02","date_gmt":"2023-09-27T22:26:02","guid":{"rendered":"http:\/\/uniformesglobo.cl\/?post_type=product&#038;p=13142"},"modified":"2024-07-30T18:29:11","modified_gmt":"2024-07-30T18:29:11","slug":"cordon-de-cuello-para-tarjeta-de-identificacion-simple","status":"publish","type":"product","link":"https:\/\/uniformesglobo.cl\/index.php\/producto\/cordon-de-cuello-para-tarjeta-de-identificacion-simple\/","title":{"rendered":"Cord\u00f3n de cuello para tarjeta de identificaci\u00f3n simple"},"content":{"rendered":"","protected":false},"excerpt":{"rendered":"<p>Cord\u00f3n de cuello ancha para tarjetas de identificaci\u00f3n. Diversos dise\u00f1os.<\/p>\n<p>Largo correa: 45 cm<\/p>\n<p>Ancho correa : 2.5 cent\u00edmetros<\/p>\n","protected":false},"featured_media":13098,"template":"","meta":{"_acf_changed":false},"product_cat":[46,354,295,364,336,345,361,331,407],"product_tag":[408,132,130,171,170],"acf":[],"_links":{"self":[{"href":"https:\/\/uniformesglobo.cl\/index.php\/wp-json\/wp\/v2\/product\/13142"}],"collection":[{"href":"https:\/\/uniformesglobo.cl\/index.php\/wp-json\/wp\/v2\/product"}],"about":[{"href":"https:\/\/uniformesglobo.cl\/index.php\/wp-json\/wp\/v2\/types\/product"}],"wp:featuredmedia":[{"embeddable":true,"href":"https:\/\/uniformesglobo.cl\/index.php\/wp-json\/wp\/v2\/media\/13098"}],"wp:attachment":[{"href":"https:\/\/uniformesglobo.cl\/index.php\/wp-json\/wp\/v2\/media?parent=13142"}],"wp:term":[{"taxonomy":"product_cat","embeddable":true,"href":"https:\/\/uniformesglobo.cl\/index.php\/wp-json\/wp\/v2\/product_cat?post=13142"},{"taxonomy":"product_tag","embeddable":true,"href":"https:\/\/uniformesglobo.cl\/index.php\/wp-json\/wp\/v2\/product_tag?post=13142"}],"curies":[{"name":"wp","href":"https:\/\/api.w.org\/{rel}","templated":true}]}}