{"id":8381,"date":"2021-02-05T22:37:45","date_gmt":"2021-02-05T22:37:45","guid":{"rendered":"http:\/\/uniformesglobo.clics.cl\/?page_id=8381"},"modified":"2023-11-02T16:00:40","modified_gmt":"2023-11-02T16:00:40","slug":"quienes-somos","status":"publish","type":"page","link":"https:\/\/uniformesglobo.cl\/index.php\/quienes-somos\/","title":{"rendered":"Qui\u00e9nes somos"},"content":{"rendered":"<section class=\"l-section wpb_row height_medium\"><div class=\"l-section-h i-cf\"><div class=\"g-cols vc_row via_flex valign_top type_default stacking_default\"><div class=\"vc_col-sm-6 wpb_column vc_column_container\"><div class=\"vc_column-inner\"><div class=\"wpb_wrapper\"><div class=\"wpb_text_column\"><div class=\"wpb_wrapper\"><p style=\"text-align: center; font-size: 25px; font-weight: bold;\">M\u00e1s de 40 a\u00f1os de trayectoria en la confecci\u00f3n de exclusivos uniformes cl\u00ednicos, est\u00e9ticos y parvularios para los m\u00e1s importantes hospitales, cl\u00ednicas, centros m\u00e9dicos, est\u00e9ticos y jardines infantiles a lo largo de todo el pa\u00eds.<\/p>\n<\/div><\/div><\/div><\/div><\/div><div class=\"vc_col-sm-6 wpb_column vc_column_container\"><div class=\"vc_column-inner\"><div class=\"wpb_wrapper\"><div class=\"w-image align_center\"><div class=\"w-image-h\"><img decoding=\"async\" width=\"246\" height=\"233\" src=\"https:\/\/uniformesglobo.cl\/wp-content\/uploads\/2021\/02\/LOGO-GLOBO-2.jpg\" class=\"attachment-full size-full\" alt=\"\" loading=\"lazy\" \/><\/div><\/div><\/div><\/div><\/div><\/div><\/div><\/section>\n","protected":false},"excerpt":{"rendered":"M\u00e1s de 40 a\u00f1os de trayectoria en la confecci\u00f3n de exclusivos uniformes cl\u00ednicos, est\u00e9ticos y parvularios para los m\u00e1s importantes hospitales, cl\u00ednicas, centros m\u00e9dicos, est\u00e9ticos y jardines infantiles a lo largo de todo el pa\u00eds.","protected":false},"author":3,"featured_media":0,"parent":0,"menu_order":0,"comment_status":"closed","ping_status":"closed","template":"","meta":{"_acf_changed":false,"footnotes":""},"acf":[],"_links":{"self":[{"href":"https:\/\/uniformesglobo.cl\/index.php\/wp-json\/wp\/v2\/pages\/8381"}],"collection":[{"href":"https:\/\/uniformesglobo.cl\/index.php\/wp-json\/wp\/v2\/pages"}],"about":[{"href":"https:\/\/uniformesglobo.cl\/index.php\/wp-json\/wp\/v2\/types\/page"}],"author":[{"embeddable":true,"href":"https:\/\/uniformesglobo.cl\/index.php\/wp-json\/wp\/v2\/users\/3"}],"replies":[{"embeddable":true,"href":"https:\/\/uniformesglobo.cl\/index.php\/wp-json\/wp\/v2\/comments?post=8381"}],"version-history":[{"count":4,"href":"https:\/\/uniformesglobo.cl\/index.php\/wp-json\/wp\/v2\/pages\/8381\/revisions"}],"predecessor-version":[{"id":8387,"href":"https:\/\/uniformesglobo.cl\/index.php\/wp-json\/wp\/v2\/pages\/8381\/revisions\/8387"}],"wp:attachment":[{"href":"https:\/\/uniformesglobo.cl\/index.php\/wp-json\/wp\/v2\/media?parent=8381"}],"curies":[{"name":"wp","href":"https:\/\/api.w.org\/{rel}","templated":true}]}}